-9
Let s be ((-105)/10)/(-3)*(2 - 4). Let z(g) = -g**3 - 8*g**2 - 10*g - 10. Determine z(s).
11
Let t(s) = -5*s**2 - 3*s. Suppose 2*q - 2*z = -5*z + 7, -4*q + z + 7 = 0. Suppose -56 = q*d - 52. Give t(d).
-14
Let n(d) = 13*d**3 + 20*d**2 + 17*d. Let u(o) = 3*o**3 + 5*o**2 + 4*o. Let h(t) = -2*n(t) + 9*u(t). Suppose -3*a + 7 + 8 = 0, 0 = -3*r + a - 20. Determine h(r).
-10
Let w(z) = 3*z. Suppose -3*d + 2*d = 8. Let b be 125/35 + d/14. Let n be 2 + -4 + 1 + b. Give w(n).
6
Let d be (-3 + (1 - 0))*(-14)/(-28). Let m(h) = h**3 + 5*h**2 + h + 7. Let s be m(-5). Let g(f) = 4 - 5 + 0 + 2*f**2 - s*f. Calculate g(d).
3
Let q(u) = u - 30. Suppose -27*m = -95*m + 884. Determine q(m).
-17
Let c = 77 - 72. Let o(w) = c + 2 - w + 1 - 5. Give o(7).
-4
Suppose 5 = x - 0. Suppose 0 = -4*k - 3*i - 1, x*k + 10 - 35 = 5*i. Let y(v) = -3*v**2 - 3*v**3 + k*v**2 + 2*v + 2*v**3 + 3*v**2 + 1. Calculate y(3).
-2
Let m(x) = 149 + x**2 + 3*x - 153 + x**2 - x**2. Calculate m(-4).
0
Let q(z) be the second derivative of -z**5/20 - 7*z**4/12 - 2*z**3/3 + z**2 - 434*z. Determine q(-4).
-30
Suppose r = -4*d + 4, 1 = -2*r + 5*r + d. Let c(l) = l + 7. Let n be c(14). Suppose 3*t + n = -r*t. Let y(w) = w + 4. What is y(t)?
-3
Let j(b) = 2 + 7*b + 5*b - 18*b + 4*b. Calculate j(2).
-2
Let p be (-1)/(-8) - (-138)/48. Suppose 3*x + 2*i - 7 = 0, 3*x = p*i + i - 23. Let b(y) = 11*y**2 - y - 1. Give b(x).
11
Suppose 0 = -14*l + 23*l + 54. Let u(w) = w**2 + 9*w + 11. What is u(l)?
-7
Let g(q) be the first derivative of q**3/3 - 8*q**2 + 9*q - 107. Calculate g(16).
9
Let o(r) = -r**2 + 2*r + 2. Let x be o(2). Let g(l) = -49*l + 48*l + 2 + 4*l**2 - 1. Give g(x).
15
Let m(j) = -j. Let v = 10 + -4. Let l(o) be the third derivative of -o**4/12 + 11*o**3/6 - 23*o**2. Let u be l(v). Calculate m(u).
1
Let i(f) = 8*f**3 - 8*f**2 + 34*f - 8. Let w(s) = 7*s**3 - 9*s**2 + 33*s - 9. Let l(k) = -6*i(k) + 7*w(k). Give l(13).
-2
Let v(k) = -k**2 - 2*k + 4. Let w = 56 + -49. Let b be (-6)/(-14) - 24/w. Give v(b).
1
Let b(r) = 3*r. Let h(c) = -5*c**3 - 3*c**2 + 5*c + 4. Let z(p) = -2 - 3*p**3 + 1 + 4*p**3. Let s(y) = h(y) + 4*z(y). Let k be s(-4). Calculate b(k).
-12
Let u(s) = -s**3 + 5*s**2 - 3*s - 4. Let r be (1 - 1*-3)*(-1 + 10). Suppose -13*w = -22*w + r. What is u(w)?
0
Let s(p) = -19*p + 3601*p**2 - 1804*p**2 - 1799*p**2 - 6. Give s(-9).
3
Let t(x) = x**2 - 7*x - 10. Let j = -2161 + 2166. Determine t(j).
-20
Suppose -3*a + 4*a = 2*r + 24, 4 = -r. Let q(x) = -a + 3 + x + 0*x - 6. Let h be q(17). Let y(p) = p**2 - 2*p - 1. What is y(h)?
7
Let v = -1 + 5. Let q be 4 + v/16*0. Let l(a) = 1 + q*a + 0*a - 3*a + 0. Give l(1).
2
Let r(o) = -o + 4. Let w(s) = 5*s - 15. Let x(b) = -11*r(b) - 2*w(b). What is x(15)?
1
Let t(z) be the second derivative of -z**4/12 - z**3/6 - z**2/2 + 3*z. Suppose 0 = n - 2*h + 3*h + 11, 0 = -n + h - 7. Let v be 12/n + (-2)/3. What is t(v)?
-3
Suppose -8*v + 1 = -31. Suppose -5*g + 5*t - 15 = 0, g = -2*t + v*t + 2. Let y(p) = p + 14. Give y(g).
6
Let v(i) = -i**3 - 7*i**2 - 4*i - 9. Suppose 0 = -13*b + 8*b - 2*u - 35, 3*b + 5*u = -21. Give v(b).
19
Let h(q) = q**3 + q**2. Let i(k) = 5*k**3 + 2*k**2 - 2*k - 6. Let x(p) = 6*h(p) - i(p). Let u = 22 - 2. Let z = -24 + u. Determine x(z).
-2
Let l(d) = d**2 - 8*d + 9. Let s(h) be the third derivative of 5*h**4/24 - 3*h**3/2 - 3*h**2. Let y be s(3). What is l(y)?
-3
Let c = -15 + 18. Suppose -6*s + 9 = -t - c*s, 2 = 2*s. Let a(b) = b + 3. Give a(t).
-3
Let i(t) be the third derivative of -7*t**5/60 - 5*t**2. Suppose -18 = a - 17. Calculate i(a).
-7
Let n(z) = -z**2 - z. Let k be n(0). Suppose -2*s + 0 - 8 = k. Let r(l) = -17*l + 3. Let t(i) = -14*i + 3. Let b(u) = 5*r(u) - 6*t(u). Calculate b(s).
1
Let f(a) = -a**2 - a - 5. Suppose 7*q - 101 - 39 = 0. Suppose 5*c - 3*k - 3 = 12, 0 = -3*c + 4*k + q. Give f(c).
-5
Let s(i) = -i**2 - 6*i + 6. Let n be s(-6). Let a = n + -3. Let u(b) = 15*b + 11. Let v(y) = -7*y - 5. Let c(h) = -6*u(h) - 13*v(h). Calculate c(a).
2
Let q(f) = -3*f**2 + 4*f - 3. Let r be (3/7)/((-30)/(-140)). Calculate q(r).
-7
Let q(d) = -2*d + 47. Let t be q(20). Let b(w) = w - 8. Determine b(t).
-1
Let h(a) = -2*a**3 + a**2 - 2*a - 2. Let m(y) = -37*y - 224. Let w be m(-6). What is h(w)?
22
Let s = -291 + 292. Let w(l) = -7*l**2 - 3*l + 2. Calculate w(s).
-8
Suppose 0 = -4*g + 6*g - 8. Suppose -g = -a - 2. Let n(v) = 29*v + v**3 + a - 4 - 27*v - v**2. What is n(2)?
6
Let a = 46 - 28. Let w be 9/a + (-2)/4. Suppose -3*s - 4*q + 14 = w, 0*s - 3*s = q - 17. Let f(l) = l**3 - 5*l**2 - 8*l + 2. Calculate f(s).
-10
Let s be 9/2*(0 - 8/(-6)). Let c(z) = z**3 - 5*z**2 - 2*z - 7. Give c(s).
17
Let x = -577 + 582. Let y(a) be the first derivative of x*a - 3 + 1/2*a**2. What is y(-6)?
-1
Suppose v - 5*a = 40, 2*a + 2*a - 80 = -2*v. Suppose 0 = -4*l - 4*i - v, -2*i = -3*l - 6*i - 33. Let s(x) = x + 6. Determine s(l).
-1
Let z = -10 - -8. Let f be z/5*(5 - 0). Let c = f - -5. Let r(q) = -2*q**2 + 3*q + 2. Give r(c).
-7
Let k(b) = -51*b**2 + 12*b + 21. Let c(f) = 5*f**2 - f - 2. Let z(h) = 21*c(h) + 2*k(h). Let o(u) = u**3 - 3*u**2 - 6*u + 6. Let m be o(4). What is z(m)?
6
Let f(w) = 2*w - 2. Let l(z) = -5*z + 10. Let x(i) = 4*f(i) + l(i). Calculate x(-3).
-7
Let b(j) = j**2 + 7*j - 18. Suppose 454*h + 27 = 451*h. Give b(h).
0
Suppose 5*l = -y - 6, -3*l + 6*l = -y - 4. Let a be (0 - 0)*y - 3. Let d be 1/a*-3 + 4. Let u(h) = h. What is u(d)?
5
Let r(u) = 26 - 53 + u + 25. Determine r(5).
3
Let a(w) = -6*w + 53*w - 24*w - 12*w - 10*w - 1. Let i(l) = 2*l - 2. Let g be i(2). Calculate a(g).
1
Let j(b) = b. Let l be -2 - 0 - (-7)/(-56)*8. What is j(l)?
-3
Let m(w) = 13*w + 1. Let q(l) = 2*l**2 + 41*l + 164. Let d be q(-15). What is m(d)?
-12
Let d(r) = r**3 + 9*r**2 + 8*r + 11. Let f = -7 + -1. Calculate d(f).
11
Let n(k) be the third derivative of 0*k + 0 + 8*k**2 - 1/3*k**3 - 1/12*k**4. Give n(2).
-6
Let n(p) = -7*p**2 - p - 2. Let l = -373 - -375. Give n(l).
-32
Let z(r) = -r - 23. Let u(c) be the second derivative of c**4/12 + 19*c**3/6 + 24*c**2 - 61*c. Let v be u(-16). What is z(v)?
-23
Let j(q) = -q**3 - 6*q**2 + 8*q + 1. Let s(w) = -w**2 - 15*w - 5. Let c be s(-13). Suppose 8*f - 5*f + c = 0. What is j(f)?
-6
Let i(k) = 7 - 1 - 3*k**2 - 13 + 6. Suppose -j + 3 = 2*j. Let b be (j/(-3))/((-1)/3). Determine i(b).
-4
Let y = -24 - -23. Let s(x) = 3*x + 9*x - 14*x + 2 - x**3 - 3. Give s(y).
2
Let m(d) = -d - 1. Suppose 2*u = -4*y - 14, 5*y - 5 + 30 = -5*u. Let h be 3 + y + 3 + -1. Suppose 8*p - 15 = 3*p - 5*z, -2*z = -h*p - 16. What is m(p)?
1
Let x(j) = -2*j**2 - 2*j + 1. Let s(h) = -10*h**2 - 11*h + 6. Let p(g) = 2*s(g) - 11*x(g). Let k be (3/(-2))/((-8)/(-16)*-3). Determine p(k).
3
Let w(r) = -3*r**2 + 14*r - 3. Let a(h) = h**2 - 5*h + 1. Let d(u) = 7*a(u) + 2*w(u). Determine d(7).
1
Let g(h) = 6*h**2 + 1 - h**3 - h + 0*h**2 - h**2 + h**2. Give g(6).
-5
Let o(w) = -21*w + 3. Let u(x) = -2 - 2 + 6 + 21*x - 4. Let i(a) = 3*o(a) + 4*u(a). What is i(-1)?
-20
Let p(i) = -i**3 + i**2 - i - 1. Let o be p(-1). Suppose 0*f = -5*f - 5, -y = -3*f - o. Let v(l) = 4*l**2. Determine v(y).
4
Let q(s) = -s**2 - 4*s - 2. Let c(b) = -2*b + 2*b**2 + 10*b + 0 + 3 + 1. Let r(f) = 2*c(f) + 5*q(f). Determine r(-4).
-2
Suppose 8*n - 40 = -0*n. Let l(f) be the first derivative of f**6/360 - f**5/30 - f**4/4 + f**3/3 - 4. Let p(o) be the third derivative of l(o). Determine p(n).
-1
Let u(m) = -3*m**3 + 4*m**2 - 2*m - 1. Suppose -3*g + 1 = -4*y, -9 = -4*y - 4*g + 11. Give u(y).
-13
Let x be (-4)/(-1)*216/(-32). Let o = x + 22. Let w(j) = 2 + 4*j - 3*j - 3. Give w(o).
-6
Let v(d) = 4*d**2 + d**3 + 14 - 4 - 2*d**3 + 3*d - 8. Let h be (7 + -3)*(1 - 0). Determine v(h).
14
Let n = 1026 - 1032. Let s(x) = x**2 + 6*x - 14. Calculate s(n).
-14
Let l(c) = -c**2 + 2*c + 21. Let q be l(-4). Let o(u) = -u**2 + 2*u + 4. What is o(q)?
-11
Suppose 0*m + 2*j - 48 = -2*m, 16 = m + 5*j. Suppose 4*q - 3*q = m. Let t = -25 + q. Let k(i) = -2*i**3 - 2*i**2 + 1. Determine k(t).
-3
Suppose -4*z + 2*n = -8 - 0, -4*z + 4*n = -8. Let b be z + (-4*6)/(-4). Let s be ((-18)/12)/((-3)/b). Let t(a) = a**2 - 4*a - 4. Give t(s).
-4
Let r = -203 - -200. Let v(y) = 3*y**2 - 8*y + 2. Let x(w) = 2*w**2 - 4*w + 1. Let t(o) = -3*v(o) + 5*x(o). What is t(r)?
-4
Let b(f) = -4*f. Let n(a) = -a**2 +